. Suppose -5*w - 5*h + 23 + 17 = 0, -5*h = -4*w + b. List the prime factors of w.
11
Let l = -239 - -395. What are the prime factors of l?
2, 3, 13
Let d be 1/(-3) + (-14)/(-6). Suppose -5*o - d*x + 103 = 0, 3*x - 15 = o - 39. List the prime factors of o.
3, 7
Let w = 13 - 9. Let r = w - 1. List the prime factors of r.
3
Let f = 1 - -4. Let m be (-1)/((-1)/f) - 0. Suppose -23 - 32 = -m*y. List the prime factors of y.
11
Suppose 2*v - 5*i = -20, -4*v + i - 12 = -2*i. Suppose 6*x - 3*x = -2*w + 2, v = 3*x - w - 8. List the prime factors of ((-2)/6)/(x/(-18)).
3
Let y(f) = 5*f - 9. Let m(u) = 4*u - 10. Let i(v) = -4*m(v) + 5*y(v). List the prime factors of i(2).
13
Let k be (-70)/(-4) - 2/4. Let v = k - 8. What are the prime factors of v?
3
Let h = 112 + -19. List the prime factors of h.
3, 31
What are the prime factors of -2*(-3)/((-9)/(-75))?
2, 5
Let n(y) = y**2 - 6*y + 7. Let l be n(5). Let d(x) = -l*x + 5*x + 9*x**2 + 1 - 2*x. What are the prime factors of d(-1)?
3
Suppose -l + 1 = -3. Suppose -6*k + l*k + 50 = 0. What are the prime factors of k?
5
Let u = -8 + 10. Suppose 3*f = -5*d - 2*f + 70, u*f = -d + 15. List the prime factors of d.
13
Let k(l) be the second derivative of l**4/12 - l**3/3 + 2*l**2 - 6*l. List the prime factors of k(6).
2, 7
Let x = 7 - 7. Suppose 8*r - 4*r - 88 = x. List the prime factors of r.
2, 11
List the prime factors of (46/6)/((-10)/(-60)).
2, 23
Let l = -5 + 9. Suppose -3*d = -4*a + 119, 5 = l*d + 25. What are the prime factors of a?
2, 13
Suppose 2*b - b + 5*z - 187 = 0, 714 = 4*b + 3*z. What are the prime factors of b?
3, 59
Let z be 96/7 + (-8)/(-28). Suppose -3*n + 0*n + 20 = 4*c, -n - 5*c = -z. What are the prime factors of n?
2
Let s be ((-1)/2)/((-3)/18). Let f = -7 - -6. Let a = f + s. List the prime factors of a.
2
Let q be 3/1 + 27/3. Suppose -27 = -3*n - 3*l, -n + q = 6*l - 4*l. Suppose -5*z + n = -2*h + 2, -3*z + h = -3. List the prime factors of z.
2
Suppose -5*n = 5*z + 15, -2 = -2*n + 2*z + 12. Suppose -5*y = -n*y - 90. What are the prime factors of y?
2, 3, 5
Let o(n) = n**2 - 10*n - 7. What are the prime factors of o(16)?
89
Let i = 17 + 19. List the prime factors of i.
2, 3
Suppose 112 = 2*l - 132. List the prime factors of l.
2, 61
Suppose -3*k + 2 = 3*n - 4*n, 0 = 4*n + 2*k - 48. What are the prime factors of (-4)/n - 77/(-5)?
3, 5
Suppose -i = -14 + 4. List the prime factors of (1 + -3)/(i/(-65)).
13
What are the prime factors of 3/(-4) + 0 - (-2795)/20?
139
Suppose -4*w = -r - 8, 4*w = -4*r + 39 - 11. Suppose -r*y = -2*y - 14. What are the prime factors of y?
7
Let n(j) be the second derivative of -1/12*j**4 - 1/2*j**2 - 1/6*j**3 + 2*j + 0 - 3/20*j**5. What are the prime factors of n(-1)?
2
Let f = 29 - 24. List the prime factors of f.
5
Let k(u) = -u**3 + 3*u**2 - 2*u + 3. Let y be k(2). Suppose 4*o + 4 + 18 = 2*x, o = -y*x + 5. List the prime factors of x.
3
Suppose -288 = -3*n - 0*n. What are the prime factors of n?
2, 3
Let a = 9 + -1. Let f = 14 - a. Suppose -38 = -2*k - 5*c, -5*k + 51 = 3*c - f. List the prime factors of k.
3
Suppose 5*a + 4*t - 50 = 0, 0 = -0*a + 2*a - 4*t + 8. Let l = -13 - -15. Suppose 2 = -l*n + a. What are the prime factors of n?
2
Suppose 272 - 83 = 3*o. List the prime factors of o.
3, 7
Let l be -2*((-6)/(-4))/(-3). List the prime factors of 20 + 1/l + -1.
2, 5
Suppose -4*j + 28 = 2*m + 2*m, 10 = -2*j + 4*m. Let f(l) = 1 + j*l - 6 - 3. What are the prime factors of f(6)?
2, 5
Let g(l) = l**3 - 9*l**2 + 8*l - 11. Let n be g(8). Let z = n - -5. Let j = 10 + z. List the prime factors of j.
2
Suppose -3*a - 940 = -7*a - 2*h, 944 = 4*a + 4*h. What are the prime factors of a?
2, 3, 13
Suppose -j - 4*h + 2*h + 29 = 0, 4*j - 3*h - 138 = 0. List the prime factors of j.
3, 11
Let z be (0/(-5))/(1/(-1)). Suppose -2*c - 3*u = -75, -u = c - 36 - z. What are the prime factors of c?
3, 11
Suppose 0*v = 3*v. Let s be (v + -2)*3/(-3). Suppose s*u - 4*u = -8. What are the prime factors of u?
2
Suppose 0 = -a - 4*b - 35, -a - 2*b - 22 - 7 = 0. Let g = 101 + -67. Let z = g + a. What are the prime factors of z?
11
Suppose -3*d + 8*d = 5*o - 1170, 4*d - 16 = 0. What are the prime factors of o?
2, 7, 17
What are the prime factors of 236/10 - 2/(-5)?
2, 3
Let z(l) = -l + 12. Let x be z(10). Suppose x*c - 4*c + 34 = 2*p, -63 = -4*c + p. What are the prime factors of c?
2
Suppose 4*m - 6 = -5*z + 2*m, 4*m = -3*z + 12. Suppose p - 3*o - 40 = -0*p, z = -4*o. What are the prime factors of p?
2, 5
Suppose -114 = -3*p + 3*t, 0*p = 4*p + 4*t - 192. Suppose 5*k + 18 - p = 0. List the prime factors of k.
5
Let a(h) = -h**2 + 7*h - 3*h**2 - 3 - 1 + 3*h**2. Let u be a(6). Suppose -5*c + 40 = 3*f, -5*c + 11 = u*f - 19. What are the prime factors of f?
2, 5
Suppose 0 = -3*d + 5*b + 30, 2 = -d - b + 4. Suppose 2*g + 3*o + 7 = 0, d*g + 3*o = -2*o - 5. List the prime factors of g.
2
Let i(h) = 6*h**2 - 2*h - 3. Suppose -4*m - 5*y - 12 = -3*m, 5*m = 5*y. List the prime factors of i(m).
5
Let k = -21 + 13. Let x(j) = -j**2 - 8*j + 10. List the prime factors of x(k).
2, 5
Let g(r) = r**2 + 8*r - 22. What are the prime factors of g(13)?
251
Suppose 2*q - 5 - 5 = 4*o, -4*o = 5*q - 25. Suppose -4*x + 4*f + 64 = o, 4*f + 61 = 5*x - 17. What are the prime factors of x?
2, 7
Let z = -14 - -28. Suppose 0 = -b + z + 3. List the prime factors of b.
17
Suppose 0*t + 248 = 4*t. List the prime factors of t.
2, 31
Suppose -4*p + 169 = -27. List the prime factors of p.
7
Let x(f) = 3*f**2 + 8*f - 1. Let u = 14 - 20. Let g be x(u). Suppose 5*i - g = -3*t, 0 = 2*t - 4*i - 14 + 4. What are the prime factors of t?
13
Suppose u + 2808 = 13*u. What are the prime factors of u?
2, 3, 13
Suppose 154 = 3*x + 5*n, x = -2*x + 2*n + 140. What are the prime factors of x?
2, 3
Let b(d) = -61*d. Let q be b(-1). Suppose 0 = 4*i - q - 11. List the prime factors of (16 + -1)*i/15.
2, 3
Let n(c) = c**2 - 3*c. Let b be n(4). Suppose -10 = -b*j + 2*j. What are the prime factors of j?
5
Suppose -4*c - 3*n = 16, 0*n + n = -c - 5. Let o be -2*(1 + -24) + c. Suppose 2*w - o = -3*w. What are the prime factors of w?
3
Let u(t) = -2*t - 10. Let j(n) = -5*n - 20. Let h(r) = 3*j(r) - 7*u(r). Let p be (1 - 0)/((-1)/(-7)). List the prime factors of h(p).
3
Let f be (-9)/12 - (-2)/(-8). List the prime factors of f - -12 - (-3 - -1).
13
Suppose -23 = -f + 12. List the prime factors of f.
5, 7
Suppose 36*u + 32 = 34*u. Let m = u - -40. What are the prime factors of m?
2, 3
Suppose 5*a - 2*l = -32, 5*a + 77 = -2*l + 29. Let n = a + 0. List the prime factors of (-22)/n + 4/16.
3
Let b = 1 + 3. Suppose -3 = -3*a - 15, 0 = -b*o - 5*a. Suppose o*u + v = 17, -3*v - 12 = -2*u + 5. What are the prime factors of u?
2
Suppose 4*i + 3*g = 849, 0 = -i - 4*i - 4*g + 1062. List the prime factors of i.
2, 3, 5, 7
Suppose 0 = -2*p - 5*a + 253, 411 = 3*p - 4*a + a. List the prime factors of p.
2, 67
Suppose w + 6*w - 2401 = 0. List the prime factors of w.
7
Suppose -2*n = 2*n - 28. Let w = 5 + n. Suppose -4 - w = -2*p + a, 32 = 2*p + 3*a. List the prime factors of p.
2, 5
Let l(p) = p + 14. Let u be l(-7). Suppose u*a - 80 = 3*a. List the prime factors of a.
2, 5
Suppose -5*j = 18 - 98. Suppose 19 + j = 5*z. List the prime factors of z.
7
Let p be (8/(-6))/(8/(-12)). What are the prime factors of p*(-1)/6*-6?
2
Let w(n) = -n**3 + 6*n**2 - 4*n - 5. Let j be w(5). Suppose j = 4*d - 153 - 11. Suppose -5*c + 2*k - 13 = -d, -5*c = 5*k - 35. What are the prime factors of c?
2, 3
Suppose -1 + 7 = -c. Let a be c/(-3)*1 - -2. Suppose 5*f = 4*f - r + 9, 0 = a*f - 3*r - 8. List the prime factors of f.
5
Let m = 12 + 49. What are the prime factors of m?
61
Let a = 196 - 57. List the prime factors of a.
139
Suppose 0*f - z + 304 = 4*f, -3*f = -2*z - 239. What are the prime factors of f?
7, 11
Let u = 28 - -14. Let p be 0/(2/1 - 3). Suppose 3*l + 3*g - 6*g - u = p, g = -l + 6. List the prime factors of l.
2, 5
Let g(p) = -p**3 + 2*p**2 + 3*p. Let k(i) = 2*i - 8. Let a be k(6). Suppose -3*t - 20 = 4*w, -5*t = a*w - 2*w + 24. List the prime factors of g(w).
2, 5
Let y(b) be the third derivative of -b**4/24 - b**3/6 + b**2. Suppose 0 = t - 6*t - 35. What are the prime factors of y(t)?
2, 3
Let j(l) = 2*l**2 - 14*l + 56. List the prime factors of j(12).
2, 11
Let t be (-75)/(-6)*(-